 What is the tens digit of x?
2
Suppose 2*p = -16*p + 10962. What is the units digit of p?
9
Let a = -493 - -770. What is the units digit of a?
7
Let c = 3 - 4. Let t = -121 - -134. Let l = c + t. What is the tens digit of l?
1
What is the hundreds digit of 22/66 + (-1388)/(-3) + 5?
4
Let j(n) = 7 - n**2 - n - 2*n - n**2 - 3*n. Let w be j(-5). Let d = w + 20. What is the units digit of d?
7
Let a(k) = -585*k**3 + k**2. What is the hundreds digit of a(-1)?
5
Let o(m) = m**3 + 3*m + 3. Let y be o(0). Suppose 2*i + y*q - 358 = -83, -411 = -3*i - 3*q. What is the tens digit of i?
3
Let y be 5 - (-3)/(-3)*3. Let l(m) = 2 - 8*m + 5*m + y. What is the tens digit of l(-6)?
2
Let h = -36 - -33. Let x(b) = -45*b + 13. What is the units digit of x(h)?
8
Let r = 975 - 113. What is the hundreds digit of r?
8
Let y = 1885 + -1208. What is the tens digit of y?
7
Suppose 0 = -3*w + 4 + 2. Suppose -i = -5, w*i = 3*u - 0*i + 73. Let s = u - -26. What is the units digit of s?
5
Suppose v + 4*v = 2*q, -2*q - 2*v = 0. Suppose -2*a = -q*a. Suppose m + 3*m + 2*g = 166, 2*g + 2 = a. What is the tens digit of m?
4
Let n(w) = w**2 + 7*w + 1. Let r be n(-7). Let m be 3 + 1 + -1*r. What is the units digit of 35/3 - (-4)/m?
3
Let l(g) = 234*g**2 - 212*g + 3. What is the hundreds digit of l(5)?
7
Let m(o) be the second derivative of 13*o**3/3 - 12*o**2 - 13*o. What is the tens digit of m(6)?
3
Let j(u) = -u + 4. Let h be j(1). Suppose -h*b - a + 42 - 4 = 0, -4*a = 3*b - 26. What is the tens digit of b?
1
What is the hundreds digit of (-2)/(-19) + -1305*(-300)/855?
4
What is the tens digit of (6 - 1) + (-7740)/(-18)?
3
Let k = -12 - -8. Let p(b) = b**2 + 5*b - 5. Let s be p(k). Let o = s + 20. What is the units digit of o?
1
Let x(r) = -7*r + 6*r - r + 82. What is the units digit of x(0)?
2
Let q(p) = 75*p + 45. What is the units digit of q(7)?
0
Let k = -11 - -32. What is the tens digit of 456/k + 2/7?
2
Let k = -811 - -1169. What is the units digit of k?
8
Let y = -223 - -332. What is the units digit of y/6 - 3/18?
8
Suppose 48*z + 17*z = 75075. What is the thousands digit of z?
1
Let g = 55 - -5. What is the units digit of (-48)/g*195/(-2)?
8
Let z = -21 + 38. Suppose -3*i + 15 = 5*c, -5 = 4*i + 4*c - z. Suppose -q + i*q = -20. What is the tens digit of q?
2
Let k be 2*(27/(-2))/3. Let a = -6 - k. Suppose -a*h = 6, 2*z + h = -h. What is the units digit of z?
2
Let h(w) = -409*w - 54. What is the tens digit of h(-3)?
7
What is the tens digit of -50 + 59 + 2*681?
7
Let t(n) = -3*n**2 - 4*n - 22. Let s(v) = 7*v**2 + 7*v + 44. Let c(w) = -2*s(w) - 5*t(w). What is the tens digit of c(-6)?
2
Suppose 0 = 6*q + 25 - 403. Suppose -2*u + 25 = -q. What is the units digit of u/7 - (-32)/(-112)?
6
Let w(z) = -38*z + 13*z + 7 + 12*z + 15*z. What is the units digit of w(14)?
5
Suppose 2*a - m - 16 = m, 0 = 4*a + 3*m - 18. Suppose -a*f + 3*f = -39. What is the tens digit of f?
1
Let p = 1914 - -362. What is the tens digit of p?
7
Suppose -252 - 406 = -47*a. Let m = 52 + -31. Let f = m + a. What is the tens digit of f?
3
Let w be 3 + 148 + -7 + 2. Let n = 371 - w. What is the tens digit of n?
2
Let s = 36 - 35. Let q(c) = 21*c**3 - 2*c + 1. What is the units digit of q(s)?
0
Let f(w) = w**2 + 5. Let c be f(0). Suppose 4*q - 1 + 13 = 0. What is the units digit of 10*(4 - (c + q))?
0
Suppose -2*m + b + 198 - 44 = 0, -5*b = 5*m - 415. Suppose -95 = -3*w + 4*r + m, 0 = -5*r + 15. What is the units digit of w?
2
Suppose r + 4*g = 388, 6*g + 782 = 2*r + 8*g. What is the tens digit of r?
9
Suppose -4*a + g = 208, a + 0*g + g = -47. Let r be (840/9 - -1) + 40/(-120). Let v = r + a. What is the units digit of v?
3
Suppose 3*l - 18*m + 13*m = 4081, 5*l + m - 6811 = 0. What is the units digit of l?
2
Suppose 0 = -3*a + 2*k + 12544, 4*a + 4*k = -0*k + 16732. What is the hundreds digit of a?
1
Let r(s) = 156*s - 7. What is the hundreds digit of r(3)?
4
Let j = -808 + 2163. What is the hundreds digit of j?
3
Let c = 17 - 5. Let q(u) = 2 + u + c - 2. What is the units digit of q(-8)?
4
Let n = -29 - -20. Let s = 13 + n. Let v(h) = 7*h - 6. What is the tens digit of v(s)?
2
Let s(l) = l**3 + 6*l**2 - 7*l + 3. Let o be s(-6). Let b = o - -107. Let n = b - 86. What is the tens digit of n?
6
Let w(s) = s**3 - 16*s**2 - 18*s + 21. Let u be w(17). Suppose -u*n - 3*t = -n - 81, 43 = n + 5*t. What is the tens digit of n?
2
Suppose 2*z - 1984 = -0*z - 2*x, 3*x - 4950 = -5*z. What is the tens digit of z?
8
Suppose -1 + 9 = -p. Let d be 92/9 + p/36. Let v = d - 8. What is the units digit of v?
2
Suppose -2*b = 8 - 40. What is the tens digit of (-1 - -39)/(100/b - 6)?
5
Suppose 0 = -6*s + 8917 + 1037. What is the hundreds digit of s?
6
Suppose -4*n + 5*j - 267 = 46, 10 = 2*j. Let c = n - -267. What is the tens digit of c?
9
Let p(g) = 9*g - 8. Let h be p(6). Let b = -16 + h. What is the units digit of b?
0
Let o(i) be the second derivative of -i**3/6 - 2*i**2 - 11*i. What is the units digit of o(-8)?
4
Let w(x) = -7*x**2 + 6*x - 7. Let j(s) = -s**2 + s - 1. Let q(p) = 5*j(p) - w(p). Let d be q(-2). Suppose -a + d = -4. What is the tens digit of a?
1
Let v(b) = -1270*b + 1. What is the units digit of v(-1)?
1
Let m(x) = 43*x - 7. Let a be m(-3). Let q = 292 + a. What is the units digit of q?
6
Let v(u) = -u**2 - 7*u - 2. Let j be v(-6). Let o = 260 - 213. Suppose x = f - o, -j*f - 3*x = -0*x - 202. What is the tens digit of f?
4
Suppose r - 2*r - 4 = 0. Let w(g) = -g**2 - 7*g + 10. What is the units digit of w(r)?
2
Suppose 5*p - 4*k - 303 = 0, -6*p + 4*p - 2*k = -114. What is the tens digit of p/(-2)*(-2 + 0)?
5
Suppose 2*x - 108 = -2*x. Suppose v + 0*v + 2 = 2*i, -3*v + x = 5*i. What is the tens digit of v - (1 - -1)*-21?
4
Suppose -5*k + 50 = -5*u, 5*k - 5*u - 40 = 2*k. Suppose -2*p = -k - 79. Let z = p + -24. What is the units digit of z?
8
Suppose 95*j = 100*j - 10515. What is the tens digit of j?
0
Let f = -656 - -2332. What is the thousands digit of f?
1
Let h(p) = -7*p**3 + 8*p**2 + 50*p + 250. What is the units digit of h(-6)?
0
Let p(m) = m**2 + 1. Let c(y) = 5*y**2 - y - 4. Let j(u) = c(u) - 3*p(u). What is the units digit of j(-6)?
1
Let l(n) be the second derivative of n**4/12 - 7*n**3/6 - n**2 - 5*n. Let t be -1 + 2 + 54/6. What is the units digit of l(t)?
8
Let y = 30 + -24. Suppose 60 + 132 = -y*z. Let r = z - -56. What is the tens digit of r?
2
Let a(r) = 2*r**2 + 27*r - 6*r - 6*r - 60 - 10. What is the tens digit of a(-17)?
5
Let z = -746 - -1119. What is the tens digit of z?
7
What is the hundreds digit of (((-36)/15)/(-4))/((-3)/(-15885))?
1
Suppose f = -3*z + z + 5, -4*f = -4*z - 56. What is the units digit of f?
1
Suppose -s + 15 = 1. Suppose 3*b + 9 = g - b, 3*g - s = -b. Suppose -2*v - 148 = -4*i - g*v, 2*i + v = 72. What is the units digit of i?
4
Let m(k) = 16 - 5 + k + 10 - 12*k. What is the tens digit of m(-7)?
9
Let r(y) = 3*y**2 - 3*y - 59. What is the thousands digit of r(24)?
1
Let o(a) = -a + 14. Let s be o(10). Let p(f) = f - 4. Let h be p(s). Let c = h + 16. What is the tens digit of c?
1
Let p = 223 + -318. Let w = 15 - p. What is the units digit of w?
0
Let l = 16 - 13. Let m(n) = 47*n + 1. What is the tens digit of m(l)?
4
Let g = 1349 + -868. What is the hundreds digit of g?
4
Let n = 61 + -8. Suppose i + 2 = -1, i + n = o. What is the tens digit of o?
5
Let m(x) = 2*x + 7. Let o be (((-280)/(-6))/(-5))/((-6)/9). What is the tens digit of m(o)?
3
Let s = -160 - -364. Suppose 0 = 2*y + 4*y - s. What is the units digit of y?
4
Let o = 1364 - 154. What is the tens digit of o?
1
Suppose -3*q - 2*v + 45 = -57, 3*v = -q + 41. Suppose 190 = 2*x - q. What is the hundreds digit of x?
1
Let n(d) = 3*d + 514*d**2 - 514*d**2 + 2 - 58*d**3. What is the tens digit of n(-1)?
5
Suppose -107 = -5*u + 1118. Suppose -3*l - 4*l = -u. What is the tens digit of l?
3
Let l(k) = -k - 3 + 0*k + 0*k. Suppose 5*z = -2*y - 5 - 53, -2*y = -4*z - 50. What is the units digit of l(z)?
9
Suppose -49719 = 58*x - 365877. What is the units digit of x?
1
Let z = 234 + -188. Let c = 3 - 3. Suppose -g + 5*s - 7 = c, -s = 5*g + s - z. What is the units digit of g?
8
Let b = 9 - 2. Let x = 0 + b. Suppose -4*j = 5*u - 6, -3*j + x = 4*u - 2*j. What is the units digit of u?
2
Let y(a) = -14*a - 1. Let u = 29 + -26.